
11000110100110011111
What is -4730181 (base 9) in base 8?
-11605740
What is 175a6 (base 12) in base 3?
1201012100
Convert 10011000010101000 (base 2) to base 6.
1401024
What is 506d4e (base 16) in base 4?
110012311032
What is 293066 (base 10) in base 16?
478ca
Convert 3819387 (base 10) to base 3.
21012001012210
What is 1a3c30 (base 16) in base 12?
6aaba8
-70b6b (base 13) to base 3
-101020220212
2b248 (base 15) to base 5
13421033
Convert 98985 (base 12) to base 8.
612165
What is -a183 (base 13) in base 15?
-68d1
-c6c8 (base 13) to base 12
-13b32
What is -71277 (base 11) in base 4?
-121123100
Convert -15618658 (base 9) to base 3.
-112200122201222
Convert -32052101 (base 7) to base 10.
-2718668
Convert 4732625 (base 8) to base 9.
2377747
147420 (base 12) to base 14
8d772
c78c5 (base 13) to base 15
7184e
-61af3 (base 16) to base 6
-12324215
Convert -82d3c (base 16) to base 8.
-2026474
-12121020201 (base 3) to base 6
-2210244
What is 3aa8a (base 14) in base 6?
3034122
98500 (base 12) to base 6
4151200
Convert 5790d (base 14) to base 7.
1545116
What is -883193 (base 10) in base 15?
-126a48
Convert -13301023 (base 5) to base 6.
-2514425
What is 421044 (base 9) in base 5?
31000322
Convert -11010100100100111011 (base 2) to base 16.
-d493b
-12220222221 (base 3) to base 15
-2485d
30c18 (base 14) to base 13
416cb
Convert -243103400 (base 5) to base 14.
-21adc5
Convert 111111101 (base 3) to base 5.
303323
What is -17776488 (base 10) in base 3?
-1020110010202110
-21344242 (base 5) to base 8
-550002
-1230b5 (base 13) to base 3
-211002220211
Convert -5b878 (base 16) to base 9.
-631240
Convert 111000100011000001010 (base 2) to base 16.
1c460a
What is -10101101100011100110100 (base 2) in base 15?
-7750e7
What is -100123320001 (base 4) in base 7?
-51423112
Convert 10000101111111110000 (base 2) to base 11.
3453a3
What is 17a26a (base 11) in base 6?
5535102
What is -584257 (base 15) in base 11?
-241a523
What is f159e (base 16) in base 3?
1212020001212
Convert 417ab (base 15) to base 2.
110010101011111011
-130101302 (base 4) to base 16
-1c472
Convert 134300122 (base 5) to base 10.
696912
What is -508207 (base 9) in base 13?
-a716a
203303122 (base 4) to base 13
5199a
-2012012022 (base 3) to base 9
-65168
What is -20002022022 (base 3) in base 12?
-59398
-224150 (base 7) to base 12
-1b0a8
What is 10541220 (base 6) in base 14?
86284
120102000112122 (base 3) to base 10
8188523
What is 57cdd (base 15) in base 5?
32422113
-49354 (base 14) to base 10
-179022
209715 (base 11) to base 6
11102400
What is -d357 (base 14) in base 13?
-13702
-20366150 (base 7) to base 13
-480245
Convert 1211211001 (base 3) to base 11.
25315
What is 16769 (base 14) in base 8?
156031
What is 10111111100000101000 (base 2) in base 12?
319b48
10010020020212 (base 3) to base 6
55311335
30017c (base 13) to base 14
210063
-288805 (base 10) to base 3
-112200011111
Convert -16b70 (base 15) to base 2.
-10001111011101111
Convert -10000011110101010001111 (base 2) to base 15.
-5a4e77
-53727 (base 11) to base 12
-39222
What is 101101000110111000000 (base 2) in base 16?
168dc0
Convert -210010102210111 (base 3) to base 15.
-ebbbc4
Convert 2aaab9 (base 13) to base 15.
15ba8d
What is 1000100100110100011 (base 2) in base 11?
182130
Convert 3f388d (base 16) to base 8.
17634215
What is -97406 (base 15) in base 12?
-1b1a50
Convert 4401b (base 12) to base 4.
111330113
What is -5c2d81 (base 16) in base 7?
-102230063
11432503 (base 6) to base 9
611753
What is 226962 (base 10) in base 13?
7c3c8
Convert 20451000 (base 6) to base 15.
bc14c
Convert -121433 (base 7) to base 14.
-811a
Convert 44922 (base 11) to base 5.
4040001
What is -5333667 (base 10) in base 3?
-101000222102020
What is 4812626 (base 10) in base 15?
650e6b
What is -19947 (base 15) in base 8?
-242224
What is 68b827 (base 13) in base 14?
488634
Convert -8863011 (base 9) to base 4.
-102023130223
Convert 4846290 (base 11) to base 2.
100000001100111011000111
What is 203301313 (base 4) in base 13?
51922
Convert -1121220002122 (base 3) to base 11.
-5400a7
What is -88556 (base 10) in base 2?
-10101100111101100
What is 173bd56 (base 14) in base 8?
53514270
What is -3ed506 (base 16) in base 14?
-792902
Convert -22312223 (base 4) to base 10.
-44459
-14021132 (base 5) to base 10
-142042
What is -b665 (base 15) in base 12?
-1a3a2
What is -1d9d0a (base 16) in base 2?
-111011001110100001010
Convert -103d4b (base 14) to base 4.
-2011330333
300222240 (base 5) to base 13
323c5a
-112222013012 (base 4) to base 13
-12cc6b6
Convert 102200120010 (base 3) to base 15.
48263
-10001101000000100100 (base 2) to base 7
-4623612
Convert -2121002021 (base 3) to base 4.
-30132103
Convert 4663438 (base 11) to base 12.
28895aa
75623 (base 11) to base 16
1ad45
What is 105451503 (base 6) in base 9?
3603083
433654 (base 8) to base 7
1143454
Convert -5655443 (base 7) to base 3.
-1022201101022
What is -2021131301 (base 4) in base 6?
-20022425
Convert 4476a (base 11) to base 2.
1111110100101011
-59674 (base 10) to base 8
-164432
-233132302 (base 4) to base 11
-123132
What is 13124440 (base 8) in base 11?
171a010
What is 187073b (base 13) in base 15?
a7ed0d
What is 211ca (base 15) in base 12?
50954
-112122122220 (base 3) to base 16
-466b6
Convert 1000121102021 (base 3) to base 9.
1017367
Convert 1102720 (base 14) to base 3.
120012012210020
Convert 4202120 (base 7) to base 12.
20427b
What is -6ab425 (base 12) in base 5?
-420014330
What is -655003 (base 8) in base 15?
-45136
Convert 15462021 (base 9) to base 12.
2701b91
-57942a (base 12) to base 16
-157222
Convert 201102010220120 (base 3) to base 12.
3556406
Convert -2759083 (base 10) to base 3.
-12012011202021
561013 (base 8) to base 12
9140b
-a85c1 (base 14) to base 3
-202200122202
Convert -131322516 (base 7) to base 13.
-19857b1
-59c62 (base 14) to base 2
-110101100001001110
29402d (base 14) to base 5
331314114
11334027 (base 8) to base 11
1439246
Convert -74477 (base 12) to base 11.
-a4827
What is -1636536 (base 8) in base 6?
-14100330
Convert 27652 (base 16) to base 6.
3243014
What is 10100100100001011000111 (base 2) in base 10?
5391047
What is 43011234 (base 5) in base 14?
953a2
What is -5c312 (base 16) in base 7?
-3131633
Convert 470650 (base 8) to base 11.
aa378
-32243155 (base 6) to base 2
-11101001000011001111
-32013030 (base 4) to base 7
-330345
What is 16152453 (base 7) in base 14?
2c82d3
Convert -c794 (base 13) to base 11.
-19873
Convert -823550 (base 9) to base 14.
-c9c7d
Convert -45325400 (base 7) to base 3.
-21102011001022
Convert 2013887 (base 10) to base 9.
3708472
Convert -4985179 (base 10) to base 3.
-100101021101021
What is 4041774 (base 8) in base 5?
233102410
Convert -42321221 (base 5) to base 6.
-11333253
What is -662b6 (base 12) in base 5?
-13311320
Convert 2241052 (base 7) to base 13.
99c37
Convert -1125375 (base 8) to base 11.
-199927
Convert -68a6a6 (base 11) to base 10.
-1097586
What is 4a515 (base 12) in base 15?
1edab
-10154154 (base 7) to base 15
-11ceb0
What is 1002002111121 (base 3) in base 5?
121311012
8942 (base 15) to base 5
1412322
-15096b (base 15) to base 7
-11424044
Convert 37243 (base 10) to base 2.
1001000101111011
8c573 (base 14) to base 16
53559
Convert -21622e (base 15) to base 2.
-110000100001101100111
Convert -4731 (base 13) to base 8.
-23433
What is 10311202021 (base 4) in base 13?
35510b
-11114401 (base 5) to base 16
-17f35
What is a2630 (base 13) in base 7?
2321364
21201010012 (base 3) to base 10
151718
Convert 8595170 (base 10) to base 16.
8326e2
45876 (base 16) to base 9
473583
Convert 743fe (base 16) to base 8.
1641776
-2200312333 (base 4) to base 3
-1020110210221
What is -91587 (base 16) in base 2?
-10010001010110000111
Convert -50a033 (base 11) to base 4.
-3013312221
-220420023 (base 6) to base 16
-3c50af
Convert 2201231122 (base 4) to base 15.
d13c7
Convert 3430534 (base 6) to base 3.
22220021111
-97398 (base 11) to base 10
-141556
What is 18635 (base 16) in base 8?
303065
Convert 1008852 (base 11) to base 13.
4a588b
What is -36645 (base 10) in base 14?
-d4d7
Convert -63a87 (base 11) to base 10.
-93144
Convert -12505263 (base 7) to base 15.
-1792a9
7a539 (base 11) to base 16
1c6dc
Convert 2078170 (base 9) to base 11.
6a1611
What is -31235300 (base 7) in base 5?
-1133142312
Convert -3803784 